units digit of q(k)?
3
Suppose 3*k - 9*k - 6 = 0. Let h(l) = -29*l. What is the tens digit of h(k)?
2
What is the units digit of 1 - ((-479)/1 - (-10)/5)?
8
Let m(w) = -20*w**2 + 18*w + 1. Let y(p) = -10*p**2 + 9*p + 1. Let k(i) = 4*m(i) - 9*y(i). What is the units digit of k(5)?
0
Suppose 0*o = 2*o - 8. Suppose -o*g + 96 + 68 = 0. What is the units digit of g - (1 - 4)/(-1)?
8
Let i = -4 - -5. Let g = i + 113. What is the tens digit of -1*(-3 + g)/(-3)?
3
Let j(x) = -8*x - 14 - 7*x - x**2 + 2. Let z be j(-14). Suppose -6 - 8 = -z*o. What is the units digit of o?
7
Let j(t) = -t**3 - 14*t**2 - 6*t + 88. What is the tens digit of j(-15)?
0
Let j = 15 - -3. Suppose -2*t = -5*t + j. What is the tens digit of (-4)/8 - (-123)/t?
2
What is the thousands digit of (1 - (-184)/20)/(7/1120)?
1
Suppose 0 = -8*j + 2*j. Suppose j = 2*y + 6, -2*s = -5*s + 3*y + 39. What is the units digit of s?
0
Let t = 3 + -2. Let s(o) = 2*o**2 + 5*o - 94. Let j be s(7). What is the units digit of ((-481)/j)/(t/(-3))?
7
Let c = 42 - 40. Suppose f = -5*t + 13, 2*f + c*t - 65 = -15. What is the tens digit of f?
2
Suppose -3*c = 31*c - 27234. What is the hundreds digit of c?
8
Let t be 0/(1/(-1)) + (-35)/(-7). Suppose -2*h - 2*h - 4*b + 440 = 0, -t*h + 2*b + 557 = 0. What is the units digit of h?
1
Suppose 4*w - 51 = 65. Suppose 0 = 5*b + 2*m + 37, 3*m - w = b - 2*m. Let y = -8 - b. What is the units digit of y?
1
Let z be (-8)/(1/2*-4). Suppose -4*g + z*n = -12, 0 = 4*g + g - 4*n - 12. Suppose -4*r + 8 + 4 = 0, 2*c + 5*r - 75 = g. What is the tens digit of c?
3
Let f = 389 + -4. What is the hundreds digit of f?
3
Let y be (1 - 62/(-2))/2. Suppose 3*t + 6 = 5*r - 2*r, -y = -5*r - t. Let h = 20 - r. What is the units digit of h?
7
Let n(d) = -446*d + 96. What is the thousands digit of n(-5)?
2
Let s = 8 + -14. Let u be (-94*(-3)/s)/(-1). What is the tens digit of 1 + -1 + u/1?
4
Suppose 0 = -5*v + 20, 4*z + 2*v = 3*z + 415. What is the units digit of z?
7
Suppose -3*x - 5*n = -7*x + 252, -n + 286 = 5*x. What is the units digit of (-71)/(-6) + x/(-12) + 5?
2
Let r(u) = u**2 + 313. Let i be r(0). Let z = 480 - i. Let m = z - 119. What is the tens digit of m?
4
Let l = -2975 - -4508. What is the hundreds digit of l?
5
Suppose -r = -4*r + 39. Let t(b) = b**2 - 5*b - 16. What is the tens digit of t(r)?
8
Let z(g) = 422*g - 86. What is the hundreds digit of z(2)?
7
Let p be (0 - -2)*(2 - 5). Let x(i) = -3*i - 12. What is the units digit of x(p)?
6
What is the units digit of (-5676)/(-27) + -3 + (-134)/603?
7
Let t be -3 + -9*((-4)/3)/4. Suppose -2*q - 319 = -5*z - 81, 3*z + q - 134 = t. What is the units digit of z?
6
Suppose 0*k = -k + 4. Suppose 0*x = -5*f - 2*x + 11, -x + 10 = k*f. Suppose 71 = f*l - 1. What is the units digit of l?
4
Let c(a) be the first derivative of -14*a**2 - 13*a - 13. What is the units digit of c(-4)?
9
Let o(n) = 310*n - 45. What is the hundreds digit of o(1)?
2
Suppose 1110 = 5*l - 800. What is the units digit of l?
2
Let f = -14 + 25. Let c = f + -7. Suppose 0 = -c*s + 4 - 0. What is the units digit of s?
1
Suppose 18047 = 12*a - 5485. What is the hundreds digit of a?
9
Suppose 0 = -587*y + 593*y - 6426. What is the units digit of y?
1
Suppose -y - 2*q + 1474 = 0, -5*y - 3*q - 7331 = -10*y. What is the thousands digit of y?
1
Suppose -20*n + 24*n = 3252. What is the units digit of n?
3
Let k(v) = -109*v - 2. Suppose -3*h = -7*h - w - 4, -h + w - 1 = 0. What is the hundreds digit of k(h)?
1
Suppose 2*z = -4*q + 16, -2*z + 6*q = 3*q + 5. Suppose -2*v = -0*v. Suppose -x + 3*o + 12 = 0, 5*o = -z*x - v + 2. What is the units digit of x?
6
Let i(y) = -y - 2. Let s be i(-4). Suppose -207 = -s*x + 125. What is the tens digit of x?
6
Let t = 35 - -162. What is the units digit of t?
7
Let m = -183 - -87. Let h = -80 - m. What is the tens digit of h?
1
Let x(h) = h**3 - 12*h**2 - 6*h - 32. What is the units digit of x(14)?
6
Let r = 828 - 399. What is the tens digit of r?
2
Suppose -3*k + 5*k = 266. Suppose 0 = -4*t + 239 + k. What is the tens digit of t?
9
Let k(p) = 2*p**2 - 5*p - 28. Let o be k(-8). Let q = o - 63. What is the units digit of q?
7
Let o = 12 - -16. Let v = o - 2. Suppose -5*x = -v - 119. What is the units digit of x?
9
Let d = 17 - 17. Suppose -3*l = 2*g - 27, -4*g - l + 49 = -d*l. What is the tens digit of g?
1
Let c be (44/12 + -3)*-165. What is the units digit of -1 - c/4*2?
4
Let m(p) = 6*p**2. Let q(c) = -c**2 - c - 1. Let l(v) = m(v) + 5*q(v). What is the units digit of l(-2)?
9
Let y(o) be the third derivative of -o**4/24 + 49*o**2. Let r(u) = -2*u**2 + u + 1. Let q be r(2). What is the units digit of y(q)?
5
Let p = -6 - -9. Suppose 91 = p*d + c, -d + 23 = -0*d + 4*c. What is the units digit of d?
1
Suppose -4*i = d + 60 - 23, -15 = 2*i - 3*d. Let w = i - -12. Suppose 2*b - w*p = b + 8, -17 = -4*b - 3*p. What is the units digit of b?
5
Suppose 10085 - 3267 = 2*n. What is the thousands digit of n?
3
Let t(h) = 10*h + 28. Let l = -48 + 55. What is the units digit of t(l)?
8
What is the units digit of (1769 + 9)*2/7?
8
Let b(r) = 8*r - 6. Let g(s) = 7*s - 5. Let z(c) = 6*b(c) - 7*g(c). What is the tens digit of z(-12)?
1
Suppose -2*r - 12 = -5*r. Suppose 0 = -r*k + 4*q + 192, -q - 191 = -4*k + 2*q. Suppose -5*y + k = z, 34 = -5*z - 3*y + 159. What is the units digit of z?
2
Suppose 10 = 5*z - 3*z. Let v be (z - 3)/(2/19). Let s = 12 + v. What is the units digit of s?
1
Let c(h) = -15*h**3 - 2*h**2 + 16*h + 29. What is the units digit of c(-5)?
4
Let m(d) = d - 6. Let p be m(9). Suppose -4*n + z = -156, 8*n + 2*z = p*n + 195. What is the units digit of n?
9
Let n(b) = -6*b**3 - 20*b**2 - 10*b + 2. What is the thousands digit of n(-7)?
1
Suppose 4 + 16 = 2*s. Let l = 9 - s. What is the units digit of 3/(l/(26/(-6)))?
3
Let w(j) = -j**2 - 16*j - 52. What is the units digit of w(-7)?
1
Let b be (552/(-18))/(4/(-18)). Let q = b + -96. Suppose 0*s - q = -3*s. What is the units digit of s?
4
Let d be ((-2)/(-2))/(2/4). Suppose 2*m - d*u = -10, -4*u + 11 = m - u. What is the units digit of m + -1 + 1 + 3?
2
Suppose 40*v - 72280 = -0*v. What is the thousands digit of v?
1
Let s(t) = 6*t + 2*t**2 - 26*t - 2*t**2 - 22 - t**2. What is the units digit of s(-7)?
9
Suppose -2*t = -4*k + 7*k - 982, -2*t = -4*k - 996. What is the units digit of t?
4
What is the units digit of -81*((-21)/(-7) - 8)?
5
Suppose 10 = 9*t - 4*t. Let v(l) = 3*l - 5*l - t*l + 49*l**2 + 5*l + 1. What is the tens digit of v(1)?
5
Suppose 3*p = -j + 3796, 3*j = 17*p - 12*p - 6308. What is the hundreds digit of p?
2
Suppose -482 = -6*k - 74. Suppose 2*c = 60 + k. What is the units digit of c?
4
Let t(j) = -j**3 - 3*j**2 + 6*j. Suppose 0*k - 4*k + 4 = -2*g, -6 = 3*k. What is the tens digit of t(g)?
7
Let u(s) = -2873*s + 2875*s - 7 - 11*s**2 + 0 + s**3. What is the hundreds digit of u(12)?
1
Let u(r) = -r**3 - 4*r**2 - 2*r + 1. Let f = -19 - -31. Suppose -t = -4*b - f, -b - 24 = 4*b + t. What is the units digit of u(b)?
9
What is the units digit of 6 + 156/(-36) - 27381/(-9)?
4
Let c be (-2)/6 + (-9100)/(-21). Suppose 2*v - 4*g = -2*v + 856, -2*v + c = -3*g. What is the units digit of v?
9
Let m(z) = -368*z - 1598. What is the units digit of m(-6)?
0
Let y = 275 + -239. What is the tens digit of y?
3
Let a(b) = 10*b**2 - 21*b + 36. What is the tens digit of a(9)?
5
Let x(z) = 56*z**2 - z. Let a be x(-1). Suppose 2*g - a = -25. What is the tens digit of g?
1
Suppose -u - 2 - 15 = -4*p, p - 5 = 0. Suppose -u*a - 28 = -7*a. Let q = -2 + a. What is the units digit of q?
5
Let p = -149 - -215. What is the tens digit of p?
6
Let t(k) = 329*k - 3. Let q be t(1). Suppose 8*u + 4*n - q = 3*u, -3*u + 206 = 5*n. What is the units digit of u?
2
Let c(a) = -a**2 - 26*a - 53. Let x(m) = -2*m**2 - 3*m + 29. Let d be x(4). What is the tens digit of c(d)?
1
Let p(a) = -a**3 - a + 1. Let d(t) = 2*t**3 + 3*t**2 - 4*t + 4. Let l(v) = -d(v) + 4*p(v). Let o be l(-2). Let j = o + -5. What is the units digit of j?
1
What is the hundreds digit of -1 + (-1 - -1 - -107)?
1
Let g(o) = -30*o + 12. Suppose 3*y + v + 6 = -4, 4*y + 5*v = -28. What is the units digit of g(y)?
2
Suppose 0 = -2*j + 2*o + 2908, -2684 - 3162 = -4*j - 2*o. What is the tens digit of j?
5
Let x = 967 - 688. Suppose 5*m = 3*q - 615, -5*q